{"id":10,"date":"2026-01-20T10:29:53","date_gmt":"2026-01-20T10:29:53","guid":{"rendered":"https:\/\/albacarmona.fpcei.eu\/?page_id=10"},"modified":"2026-02-26T17:51:14","modified_gmt":"2026-02-26T17:51:14","slug":"la-saga-de-harry-potter-y-su-influencia-en-los-00s","status":"publish","type":"page","link":"https:\/\/albacarmona.fpcei.eu\/?page_id=10","title":{"rendered":"Influencia de Harry Potter en la sociedad"},"content":{"rendered":"\n<figure class=\"wp-block-image alignleft size-full is-resized\"><img loading=\"lazy\" decoding=\"async\" width=\"618\" height=\"404\" src=\"https:\/\/albacarmona.fpcei.eu\/wp-content\/uploads\/2026\/02\/image-26.png\" alt=\"\" class=\"wp-image-250\" style=\"aspect-ratio:1.5297597917406225;width:395px;height:auto\" srcset=\"https:\/\/albacarmona.fpcei.eu\/wp-content\/uploads\/2026\/02\/image-26.png 618w, https:\/\/albacarmona.fpcei.eu\/wp-content\/uploads\/2026\/02\/image-26-300x196.png 300w\" sizes=\"auto, (max-width: 618px) 100vw, 618px\" \/><\/figure>\n\n\n\n<div class=\"wp-block-group alignwide is-nowrap is-layout-flex wp-container-core-group-is-layout-6c531013 wp-block-group-is-layout-flex\">\n<p>Harry Potter se ha convertido en un fen\u00f3meno cultural y literario que ha pasado por unas cuantas generaciones, creando un universo m\u00e1gico que ha gustado a ni\u00f1os y adultos por igual. <\/p>\n\n\n\n<p>La obra de J. K. Rowling no solo gener\u00f3 libros y pel\u00edculas, sino tambi\u00e9n juegos, m\u00fasica, obras de teatro y ahora una nueva serie que revive la magia, metiendo al p\u00fablico en un mundo de magos, brujas y criaturas fant\u00e1sticas.<\/p>\n<\/div>\n\n\n\n<div style=\"height:1px\" aria-hidden=\"true\" class=\"wp-block-spacer\"><\/div>\n\n\n\n<figure class=\"wp-block-image alignright size-full is-resized\"><img loading=\"lazy\" decoding=\"async\" width=\"970\" height=\"545\" src=\"https:\/\/albacarmona.fpcei.eu\/wp-content\/uploads\/2026\/02\/5dv9ngcme2o11-2.jpg\" alt=\"\" class=\"wp-image-249\" style=\"aspect-ratio:1.77981885444572;width:413px;height:auto\" srcset=\"https:\/\/albacarmona.fpcei.eu\/wp-content\/uploads\/2026\/02\/5dv9ngcme2o11-2.jpg 970w, https:\/\/albacarmona.fpcei.eu\/wp-content\/uploads\/2026\/02\/5dv9ngcme2o11-2-300x169.jpg 300w, https:\/\/albacarmona.fpcei.eu\/wp-content\/uploads\/2026\/02\/5dv9ngcme2o11-2-768x432.jpg 768w\" sizes=\"auto, (max-width: 970px) 100vw, 970px\" \/><\/figure>\n\n\n\n<div class=\"wp-block-group alignwide is-nowrap is-layout-flex wp-container-core-group-is-layout-6c531013 wp-block-group-is-layout-flex\">\n<p>J. K. Rowling empieza la historia en un entorno cotidiano, sin agobiar al lector con detalles complejos del mundo m\u00e1gico, permitiendo que la magia se descubra de manera progresiva. <\/p>\n\n\n\n<p>Adem\u00e1s, Hogwarts tiene un ambiente acogedor y cercano que los lectores sienten la calidez de los personajes y la emoci\u00f3n de sus aventuras creando un v\u00ednculo emocional duradero tanto con los personajes como con los sitios en los que ocurren las mejores escenas.<\/p>\n<\/div>\n\n\n\n<div style=\"height:7px;width:0px\" aria-hidden=\"true\" class=\"wp-block-spacer\"><\/div>\n\n\n\n<figure class=\"wp-block-image alignleft size-large is-resized\"><img loading=\"lazy\" decoding=\"async\" width=\"455\" height=\"700\" src=\"https:\/\/albacarmona.fpcei.eu\/wp-content\/uploads\/2026\/02\/978841817407.jpg\" alt=\"\" class=\"wp-image-251\" style=\"aspect-ratio:0.6500234711731319;width:177px;height:auto\" srcset=\"https:\/\/albacarmona.fpcei.eu\/wp-content\/uploads\/2026\/02\/978841817407.jpg 455w, https:\/\/albacarmona.fpcei.eu\/wp-content\/uploads\/2026\/02\/978841817407-195x300.jpg 195w\" sizes=\"auto, (max-width: 455px) 100vw, 455px\" \/><\/figure>\n\n\n\n<div class=\"wp-block-group alignwide is-nowrap is-layout-flex wp-container-core-group-is-layout-6c531013 wp-block-group-is-layout-flex\">\n<p>La saga ha tenido un impacto significativo en la cultura popular y la lectura. Ha inspirado a generaciones de j\u00f3venes a enamorarse de la literatura y reforzando el g\u00e9nero fant\u00e1stico. Los siete libros se han traducido a m\u00e1s de 88 idiomas con 500 millones de copias vendidas siendo \u201cHarry Potter y la piedra filosofal\u201d el m\u00e1s vendido con 120 millones. <\/p>\n\n\n\n<p>Las ocho pel\u00edculas recaudaron 7.723 millones de d\u00f3lares y Rowling se convirti\u00f3 en la primera escritora con un patrimonio de 1.000 millones de d\u00f3lares. Individualmente \u201cHarry Potter y el c\u00e1liz de fuego\u201d ha vendido m\u00e1s de 67 millones de ejemplares, demostrando el poder duradero de la narraci\u00f3n y la relevancia de la saga en todo el mundo.<\/p>\n<\/div>\n","protected":false},"excerpt":{"rendered":"<p>Harry Potter se ha convertido en un fen\u00f3meno cultural y literario que ha pasado por unas cuantas generaciones, creando un universo m\u00e1gico que ha gustado a ni\u00f1os y adultos por igual. La obra de J. K. Rowling no solo gener\u00f3 libros y pel\u00edculas, sino tambi\u00e9n juegos, m\u00fasica, obras de teatro y ahora una nueva serie [&hellip;]<\/p>\n","protected":false},"author":2,"featured_media":0,"parent":0,"menu_order":0,"comment_status":"closed","ping_status":"closed","template":"","meta":{"footnotes":""},"class_list":["post-10","page","type-page","status-publish","hentry"],"_links":{"self":[{"href":"https:\/\/albacarmona.fpcei.eu\/index.php?rest_route=\/wp\/v2\/pages\/10","targetHints":{"allow":["GET"]}}],"collection":[{"href":"https:\/\/albacarmona.fpcei.eu\/index.php?rest_route=\/wp\/v2\/pages"}],"about":[{"href":"https:\/\/albacarmona.fpcei.eu\/index.php?rest_route=\/wp\/v2\/types\/page"}],"author":[{"embeddable":true,"href":"https:\/\/albacarmona.fpcei.eu\/index.php?rest_route=\/wp\/v2\/users\/2"}],"replies":[{"embeddable":true,"href":"https:\/\/albacarmona.fpcei.eu\/index.php?rest_route=%2Fwp%2Fv2%2Fcomments&post=10"}],"version-history":[{"count":8,"href":"https:\/\/albacarmona.fpcei.eu\/index.php?rest_route=\/wp\/v2\/pages\/10\/revisions"}],"predecessor-version":[{"id":254,"href":"https:\/\/albacarmona.fpcei.eu\/index.php?rest_route=\/wp\/v2\/pages\/10\/revisions\/254"}],"wp:attachment":[{"href":"https:\/\/albacarmona.fpcei.eu\/index.php?rest_route=%2Fwp%2Fv2%2Fmedia&parent=10"}],"curies":[{"name":"wp","href":"https:\/\/api.w.org\/{rel}","templated":true}]}}