{"id":26,"date":"2026-02-10T09:38:58","date_gmt":"2026-02-10T09:38:58","guid":{"rendered":"https:\/\/albacarmona.fpcei.eu\/?page_id=26"},"modified":"2026-02-25T20:03:52","modified_gmt":"2026-02-25T20:03:52","slug":"comparacion-libros-y-peliculas","status":"publish","type":"page","link":"https:\/\/albacarmona.fpcei.eu\/?page_id=26","title":{"rendered":"Comparaci\u00f3n de los libros y pel\u00edculas"},"content":{"rendered":"\n<div class=\"wp-block-group alignwide is-vertical is-layout-flex wp-container-core-group-is-layout-fe9cc265 wp-block-group-is-layout-flex\">\n<p class=\"has-text-align-center\">La principal diferencia respecto a la adaptaci\u00f3n fue el estreno de dos pel\u00edculas basadas en el s\u00e9ptimo libro llamadas: Harry Potter y las reliquias de la muerte parte 1 y Harry Potter y las reliquias de la muerte parte 2 ya que el s\u00e9ptimo libro es el m\u00e1s extenso y tuvieron que separar las pel\u00edculas en dos para poder contar bien la historia<\/p>\n\n\n\n<p class=\"has-text-align-center\">Es sabido que la saga de pel\u00edculas de Harry Potter est\u00e1 basada en la saga de 7 libros escrita por J. K Rowling del 1997 al 2007. <\/p>\n<\/div>\n\n\n\n<div class=\"wp-block-group alignwide is-nowrap is-layout-flex wp-container-core-group-is-layout-6c531013 wp-block-group-is-layout-flex\"><\/div>\n\n\n\n<div class=\"wp-block-columns is-layout-flex wp-container-core-columns-is-layout-28f84493 wp-block-columns-is-layout-flex\">\n<div class=\"wp-block-column is-layout-flow wp-block-column-is-layout-flow\">\n<div class=\"wp-block-columns is-layout-flex wp-container-core-columns-is-layout-28f84493 wp-block-columns-is-layout-flex\">\n<div class=\"wp-block-column is-style-section-2 is-layout-flow wp-block-column-is-layout-flow is-style-section-2--1\">\n<figure class=\"wp-block-image size-full\"><img loading=\"lazy\" decoding=\"async\" width=\"500\" height=\"281\" src=\"https:\/\/albacarmona.fpcei.eu\/wp-content\/uploads\/2026\/02\/image-18.png\" alt=\"\" class=\"wp-image-139\" srcset=\"https:\/\/albacarmona.fpcei.eu\/wp-content\/uploads\/2026\/02\/image-18.png 500w, https:\/\/albacarmona.fpcei.eu\/wp-content\/uploads\/2026\/02\/image-18-300x169.png 300w\" sizes=\"auto, (max-width: 500px) 100vw, 500px\" \/><\/figure>\n<\/div>\n\n\n\n<div class=\"wp-block-column is-layout-flow wp-block-column-is-layout-flow\">\n<figure class=\"wp-block-image size-full\"><img loading=\"lazy\" decoding=\"async\" width=\"500\" height=\"281\" src=\"https:\/\/albacarmona.fpcei.eu\/wp-content\/uploads\/2026\/02\/image-20.png\" alt=\"\" class=\"wp-image-141\" srcset=\"https:\/\/albacarmona.fpcei.eu\/wp-content\/uploads\/2026\/02\/image-20.png 500w, https:\/\/albacarmona.fpcei.eu\/wp-content\/uploads\/2026\/02\/image-20-300x169.png 300w\" sizes=\"auto, (max-width: 500px) 100vw, 500px\" \/><\/figure>\n<\/div>\n<\/div>\n\n\n\n<div class=\"wp-block-columns is-layout-flex wp-container-core-columns-is-layout-28f84493 wp-block-columns-is-layout-flex\">\n<div class=\"wp-block-column is-layout-flow wp-block-column-is-layout-flow\">\n<figure class=\"wp-block-image size-large\"><img loading=\"lazy\" decoding=\"async\" width=\"1024\" height=\"576\" src=\"https:\/\/albacarmona.fpcei.eu\/wp-content\/uploads\/2026\/02\/image-14-1024x576.png\" alt=\"\" class=\"wp-image-135\" srcset=\"https:\/\/albacarmona.fpcei.eu\/wp-content\/uploads\/2026\/02\/image-14-1024x576.png 1024w, https:\/\/albacarmona.fpcei.eu\/wp-content\/uploads\/2026\/02\/image-14-300x169.png 300w, https:\/\/albacarmona.fpcei.eu\/wp-content\/uploads\/2026\/02\/image-14-768x432.png 768w, https:\/\/albacarmona.fpcei.eu\/wp-content\/uploads\/2026\/02\/image-14.png 1280w\" sizes=\"auto, (max-width: 1024px) 100vw, 1024px\" \/><\/figure>\n<\/div>\n\n\n\n<div class=\"wp-block-column is-layout-flow wp-block-column-is-layout-flow\">\n<figure class=\"wp-block-image size-full\"><img loading=\"lazy\" decoding=\"async\" width=\"686\" height=\"386\" src=\"https:\/\/albacarmona.fpcei.eu\/wp-content\/uploads\/2026\/02\/image-15.png\" alt=\"\" class=\"wp-image-136\" srcset=\"https:\/\/albacarmona.fpcei.eu\/wp-content\/uploads\/2026\/02\/image-15.png 686w, https:\/\/albacarmona.fpcei.eu\/wp-content\/uploads\/2026\/02\/image-15-300x169.png 300w\" sizes=\"auto, (max-width: 686px) 100vw, 686px\" \/><\/figure>\n<\/div>\n<\/div>\n<\/div>\n\n\n\n<div class=\"wp-block-column is-layout-flow wp-block-column-is-layout-flow\">\n<div class=\"wp-block-columns is-layout-flex wp-container-core-columns-is-layout-28f84493 wp-block-columns-is-layout-flex\">\n<div class=\"wp-block-column is-layout-flow wp-block-column-is-layout-flow\">\n<figure class=\"wp-block-image size-full\"><img loading=\"lazy\" decoding=\"async\" width=\"500\" height=\"281\" src=\"https:\/\/albacarmona.fpcei.eu\/wp-content\/uploads\/2026\/02\/image-21.png\" alt=\"\" class=\"wp-image-142\" srcset=\"https:\/\/albacarmona.fpcei.eu\/wp-content\/uploads\/2026\/02\/image-21.png 500w, https:\/\/albacarmona.fpcei.eu\/wp-content\/uploads\/2026\/02\/image-21-300x169.png 300w\" sizes=\"auto, (max-width: 500px) 100vw, 500px\" \/><\/figure>\n\n\n\n<figure class=\"wp-block-image size-large\"><img loading=\"lazy\" decoding=\"async\" width=\"1024\" height=\"576\" src=\"https:\/\/albacarmona.fpcei.eu\/wp-content\/uploads\/2026\/02\/image-17-1024x576.png\" alt=\"\" class=\"wp-image-138\" srcset=\"https:\/\/albacarmona.fpcei.eu\/wp-content\/uploads\/2026\/02\/image-17-1024x576.png 1024w, https:\/\/albacarmona.fpcei.eu\/wp-content\/uploads\/2026\/02\/image-17-300x169.png 300w, https:\/\/albacarmona.fpcei.eu\/wp-content\/uploads\/2026\/02\/image-17-768x432.png 768w, https:\/\/albacarmona.fpcei.eu\/wp-content\/uploads\/2026\/02\/image-17.png 1280w\" sizes=\"auto, (max-width: 1024px) 100vw, 1024px\" \/><\/figure>\n<\/div>\n\n\n\n<div class=\"wp-block-column is-layout-flow wp-block-column-is-layout-flow\">\n<figure class=\"wp-block-image size-large\"><img loading=\"lazy\" decoding=\"async\" width=\"1024\" height=\"576\" src=\"https:\/\/albacarmona.fpcei.eu\/wp-content\/uploads\/2026\/02\/image-13-1024x576.png\" alt=\"\" class=\"wp-image-134\" srcset=\"https:\/\/albacarmona.fpcei.eu\/wp-content\/uploads\/2026\/02\/image-13-1024x576.png 1024w, https:\/\/albacarmona.fpcei.eu\/wp-content\/uploads\/2026\/02\/image-13-300x169.png 300w, https:\/\/albacarmona.fpcei.eu\/wp-content\/uploads\/2026\/02\/image-13-768x432.png 768w, https:\/\/albacarmona.fpcei.eu\/wp-content\/uploads\/2026\/02\/image-13.png 1280w\" sizes=\"auto, (max-width: 1024px) 100vw, 1024px\" \/><\/figure>\n\n\n\n<figure class=\"wp-block-image size-full\"><img loading=\"lazy\" decoding=\"async\" width=\"500\" height=\"281\" src=\"https:\/\/albacarmona.fpcei.eu\/wp-content\/uploads\/2026\/02\/image-19.png\" alt=\"\" class=\"wp-image-140\" srcset=\"https:\/\/albacarmona.fpcei.eu\/wp-content\/uploads\/2026\/02\/image-19.png 500w, https:\/\/albacarmona.fpcei.eu\/wp-content\/uploads\/2026\/02\/image-19-300x169.png 300w\" sizes=\"auto, (max-width: 500px) 100vw, 500px\" \/><\/figure>\n<\/div>\n<\/div>\n<\/div>\n<\/div>\n\n\n\n<div class=\"wp-block-group alignwide is-nowrap is-layout-flex wp-container-core-group-is-layout-6c531013 wp-block-group-is-layout-flex\">\n<p class=\"has-text-align-center\">Aparte de esta diferencia a respecto del n\u00famero de pel\u00edculas y libros hay varias diferencias con las definiciones de los personajes y sus adaptaciones en la saga o la aparici\u00f3n y desaparici\u00f3n de personajes. <\/p>\n<\/div>\n\n\n\n<p>&#8230;&#8230;&#8230;&#8230;&#8230;&#8230;&#8230;&#8230;&#8230;&#8230;&#8230;&#8230;&#8230;&#8230;&#8230;&#8230;&#8230;&#8230;&#8230;&#8230;&#8230;&#8230;&#8230;&#8230;&#8230;&#8230;&#8230;&#8230;&#8230;&#8230;&#8230;<\/p>\n\n\n\n<p>La principal diferencia est\u00e1 en el protagonista: Harry Potter. <\/p>\n\n\n\n<figure class=\"wp-block-image alignleft size-full is-resized\"><img loading=\"lazy\" decoding=\"async\" width=\"760\" height=\"506\" src=\"https:\/\/albacarmona.fpcei.eu\/wp-content\/uploads\/2026\/02\/image.png\" alt=\"\" class=\"wp-image-109\" style=\"aspect-ratio:1.5020034344590727;width:376px;height:auto\" srcset=\"https:\/\/albacarmona.fpcei.eu\/wp-content\/uploads\/2026\/02\/image.png 760w, https:\/\/albacarmona.fpcei.eu\/wp-content\/uploads\/2026\/02\/image-300x200.png 300w\" sizes=\"auto, (max-width: 760px) 100vw, 760px\" \/><\/figure>\n\n\n\n<div class=\"wp-block-group is-nowrap is-layout-flex wp-container-core-group-is-layout-6c531013 wp-block-group-is-layout-flex\">\n<p>Este personaje en el libro es descrito como: un ni\u00f1o peque\u00f1o y muy flaco para su edad, con una cara delgada, rodillas huesudas, cabello negro azabache  despeinado (heredado de su padre) y ojos verdes brillantes (heredados de su madre).<\/p>\n<\/div>\n\n\n\n<div class=\"wp-block-group is-nowrap is-layout-flex wp-container-core-group-is-layout-6c531013 wp-block-group-is-layout-flex\">\n<p>Sin embargo, en la pel\u00edcula es visible que el personaje tiene los ojos azules, el pelo casta\u00f1o, delgado pero no mucho y su cara no es delgada. <\/p>\n\n\n\n<p><\/p>\n<\/div>\n\n\n\n<p>Otros cambios son:<\/p>\n\n\n\n<figure class=\"wp-block-image alignright size-full is-resized\"><img loading=\"lazy\" decoding=\"async\" width=\"840\" height=\"560\" src=\"https:\/\/albacarmona.fpcei.eu\/wp-content\/uploads\/2026\/02\/image-1.png\" alt=\"\" class=\"wp-image-115\" style=\"width:377px;height:auto\" srcset=\"https:\/\/albacarmona.fpcei.eu\/wp-content\/uploads\/2026\/02\/image-1.png 840w, https:\/\/albacarmona.fpcei.eu\/wp-content\/uploads\/2026\/02\/image-1-300x200.png 300w, https:\/\/albacarmona.fpcei.eu\/wp-content\/uploads\/2026\/02\/image-1-768x512.png 768w\" sizes=\"auto, (max-width: 840px) 100vw, 840px\" \/><\/figure>\n\n\n\n<div class=\"wp-block-group is-nowrap is-layout-flex wp-container-core-group-is-layout-6c531013 wp-block-group-is-layout-flex\">\n<p>Ron Weasley: en los libros es el estratega y mejor amigo que sostiene emocionalmente a Harry. <\/p>\n\n\n\n<p>En las pel\u00edculas, su papel se reduce, pasando su lealtad y conocimientos a Hermione, pareciendo a menudo un personaje de fondo o simplemente torpe.<\/p>\n<\/div>\n\n\n\n<div style=\"height:7px;width:0px\" aria-hidden=\"true\" class=\"wp-block-spacer\"><\/div>\n\n\n\n<figure class=\"wp-block-image alignleft size-full is-resized\"><img loading=\"lazy\" decoding=\"async\" width=\"450\" height=\"253\" src=\"https:\/\/albacarmona.fpcei.eu\/wp-content\/uploads\/2026\/02\/image-2.png\" alt=\"\" class=\"wp-image-116\" style=\"aspect-ratio:1.77869444157987;width:410px;height:auto\" srcset=\"https:\/\/albacarmona.fpcei.eu\/wp-content\/uploads\/2026\/02\/image-2.png 450w, https:\/\/albacarmona.fpcei.eu\/wp-content\/uploads\/2026\/02\/image-2-300x169.png 300w\" sizes=\"auto, (max-width: 450px) 100vw, 450px\" \/><\/figure>\n\n\n\n<div class=\"wp-block-group is-nowrap is-layout-flex wp-container-core-group-is-layout-6c531013 wp-block-group-is-layout-flex\">\n<p>Hermione Granger: &nbsp;En los libros es m\u00e1s vulnerable y propensa a cometer errores, con caracter\u00edsticas f\u00edsicas como dientes grandes y cabello indomable. <\/p>\n\n\n\n<p>En las pel\u00edculas se vuelve m\u00e1s estilizada y perfecta, asumiendo roles de liderazgo que no le correspond\u00edan originalmente.<\/p>\n<\/div>\n\n\n\n<div style=\"height:11px\" aria-hidden=\"true\" class=\"wp-block-spacer\"><\/div>\n\n\n\n<figure class=\"wp-block-image alignright size-full is-resized\"><img loading=\"lazy\" decoding=\"async\" width=\"640\" height=\"360\" src=\"https:\/\/albacarmona.fpcei.eu\/wp-content\/uploads\/2026\/02\/image-3.png\" alt=\"\" class=\"wp-image-117\" style=\"width:402px;height:auto\" srcset=\"https:\/\/albacarmona.fpcei.eu\/wp-content\/uploads\/2026\/02\/image-3.png 640w, https:\/\/albacarmona.fpcei.eu\/wp-content\/uploads\/2026\/02\/image-3-300x169.png 300w\" sizes=\"auto, (max-width: 640px) 100vw, 640px\" \/><\/figure>\n\n\n\n<div class=\"wp-block-group is-nowrap is-layout-flex wp-container-core-group-is-layout-6c531013 wp-block-group-is-layout-flex\">\n<p>Ginny Weasley: El personaje m\u00e1s desdibujado. En los libros es popular, ingeniosa y atrevida, siendo la pareja ideal para Harry. <\/p>\n\n\n\n<p>En las pel\u00edculas es t\u00edmida, secundaria y carece de la qu\u00edmica mostrada en papel.<\/p>\n<\/div>\n\n\n\n<div style=\"height:2px;width:0px\" aria-hidden=\"true\" class=\"wp-block-spacer\"><\/div>\n\n\n\n<div class=\"wp-block-group is-nowrap is-layout-flex wp-container-core-group-is-layout-6c531013 wp-block-group-is-layout-flex\">\n<p>Como otros peque\u00f1os ejemplos tenemos:<\/p>\n<\/div>\n\n\n\n<figure class=\"wp-block-image alignleft size-large is-resized\"><img loading=\"lazy\" decoding=\"async\" width=\"1024\" height=\"576\" src=\"https:\/\/albacarmona.fpcei.eu\/wp-content\/uploads\/2026\/02\/image-4-1024x576.png\" alt=\"\" class=\"wp-image-118\" style=\"width:218px;height:auto\" srcset=\"https:\/\/albacarmona.fpcei.eu\/wp-content\/uploads\/2026\/02\/image-4-1024x576.png 1024w, https:\/\/albacarmona.fpcei.eu\/wp-content\/uploads\/2026\/02\/image-4-300x169.png 300w, https:\/\/albacarmona.fpcei.eu\/wp-content\/uploads\/2026\/02\/image-4-768x432.png 768w, https:\/\/albacarmona.fpcei.eu\/wp-content\/uploads\/2026\/02\/image-4.png 1280w\" sizes=\"auto, (max-width: 1024px) 100vw, 1024px\" \/><\/figure>\n\n\n\n<div class=\"wp-block-group alignwide is-nowrap is-layout-flex wp-container-core-group-is-layout-6c531013 wp-block-group-is-layout-flex\">\n<p>Dobby: aparece mucho m\u00e1s en los libros y es fundamental para ayudar a Harry en el cuarto libro (Copa de Fuego), papel que las pel\u00edculas le dieron a Neville.<\/p>\n<\/div>\n\n\n\n<div class=\"wp-block-group alignwide is-vertical is-layout-flex wp-container-core-group-is-layout-fe9cc265 wp-block-group-is-layout-flex\">\n<div class=\"wp-block-group is-nowrap is-layout-flex wp-container-core-group-is-layout-6c531013 wp-block-group-is-layout-flex\">\n<p>Los Dursley: se describe a Petunia como rubia y delgada, y a Dudley con cabello rubio, difiriendo de la caracterizaci\u00f3n f\u00edsica en las pel\u00edculas.<\/p>\n\n\n\n<figure class=\"wp-block-image size-large is-resized\"><img loading=\"lazy\" decoding=\"async\" width=\"470\" height=\"306\" src=\"https:\/\/albacarmona.fpcei.eu\/wp-content\/uploads\/2026\/02\/image-5.png\" alt=\"\" class=\"wp-image-119\" style=\"width:312px;height:auto\" srcset=\"https:\/\/albacarmona.fpcei.eu\/wp-content\/uploads\/2026\/02\/image-5.png 470w, https:\/\/albacarmona.fpcei.eu\/wp-content\/uploads\/2026\/02\/image-5-300x195.png 300w\" sizes=\"auto, (max-width: 470px) 100vw, 470px\" \/><\/figure>\n<\/div>\n<\/div>\n\n\n\n<div style=\"height:2px\" aria-hidden=\"true\" class=\"wp-block-spacer\"><\/div>\n\n\n\n<figure class=\"wp-block-image alignleft size-full is-resized\"><img loading=\"lazy\" decoding=\"async\" width=\"538\" height=\"307\" src=\"https:\/\/albacarmona.fpcei.eu\/wp-content\/uploads\/2026\/02\/harrypotter1.jpg\" alt=\"\" class=\"wp-image-126\" style=\"aspect-ratio:1.7524935352789066;width:543px;height:auto\" srcset=\"https:\/\/albacarmona.fpcei.eu\/wp-content\/uploads\/2026\/02\/harrypotter1.jpg 538w, https:\/\/albacarmona.fpcei.eu\/wp-content\/uploads\/2026\/02\/harrypotter1-300x171.jpg 300w\" sizes=\"auto, (max-width: 538px) 100vw, 538px\" \/><\/figure>\n\n\n\n<div class=\"wp-block-group is-nowrap is-layout-flex wp-container-core-group-is-layout-6c531013 wp-block-group-is-layout-flex\">\n<p>Y sobre personajes omitidos est\u00e1n: Peeves (el poltergeist), la familia Gaunt, y la historia completa de los merodeadores (padres de Harry) son omitidos o reducidos dr\u00e1sticamente en las pel\u00edculas.<\/p>\n\n\n\n<p>Estos cambios se deben a la intenci\u00f3n de simplificar un poco la gran y extensa saga que escribi\u00f3    J. K. Rowling con una limitaci\u00f3n del tiempo en las pel\u00edculas haciendo que algunos personajes parecieran secundarios o algunos cambios que solamente los fan\u00e1ticos que se leyeran los libros notar\u00edan en la gran pantalla. <\/p>\n<\/div>\n\n\n\n<div class=\"wp-block-group is-vertical is-layout-flex wp-container-core-group-is-layout-d6b9ab57 wp-block-group-is-layout-flex\">\n<p>&#8230;&#8230;&#8230;&#8230;&#8230;&#8230;&#8230;&#8230;&#8230;&#8230;&#8230;&#8230;&#8230;&#8230;&#8230;&#8230;&#8230;&#8230;&#8230;&#8230;&#8230;&#8230;&#8230;&#8230;&#8230;&#8230;&#8230;&#8230;&#8230;&#8230;&#8230;&#8230;..<\/p>\n<\/div>\n","protected":false},"excerpt":{"rendered":"<p>La principal diferencia respecto a la adaptaci\u00f3n fue el estreno de dos pel\u00edculas basadas en el s\u00e9ptimo libro llamadas: Harry Potter y las reliquias de la muerte parte 1 y Harry Potter y las reliquias de la muerte parte 2 ya que el s\u00e9ptimo libro es el m\u00e1s extenso y tuvieron que separar las pel\u00edculas [&hellip;]<\/p>\n","protected":false},"author":2,"featured_media":0,"parent":0,"menu_order":0,"comment_status":"closed","ping_status":"closed","template":"","meta":{"footnotes":""},"class_list":["post-26","page","type-page","status-publish","hentry"],"_links":{"self":[{"href":"https:\/\/albacarmona.fpcei.eu\/index.php?rest_route=\/wp\/v2\/pages\/26","targetHints":{"allow":["GET"]}}],"collection":[{"href":"https:\/\/albacarmona.fpcei.eu\/index.php?rest_route=\/wp\/v2\/pages"}],"about":[{"href":"https:\/\/albacarmona.fpcei.eu\/index.php?rest_route=\/wp\/v2\/types\/page"}],"author":[{"embeddable":true,"href":"https:\/\/albacarmona.fpcei.eu\/index.php?rest_route=\/wp\/v2\/users\/2"}],"replies":[{"embeddable":true,"href":"https:\/\/albacarmona.fpcei.eu\/index.php?rest_route=%2Fwp%2Fv2%2Fcomments&post=26"}],"version-history":[{"count":14,"href":"https:\/\/albacarmona.fpcei.eu\/index.php?rest_route=\/wp\/v2\/pages\/26\/revisions"}],"predecessor-version":[{"id":217,"href":"https:\/\/albacarmona.fpcei.eu\/index.php?rest_route=\/wp\/v2\/pages\/26\/revisions\/217"}],"wp:attachment":[{"href":"https:\/\/albacarmona.fpcei.eu\/index.php?rest_route=%2Fwp%2Fv2%2Fmedia&parent=26"}],"curies":[{"name":"wp","href":"https:\/\/api.w.org\/{rel}","templated":true}]}}